0010100100111001?
-111000100010100100111100
In base 3, what is 2012022101221 + 1?
2012022101222
In base 13, what is -35a6128 - -4?
-35a6124
In base 10, what is 28485115 + -2?
28485113
In base 9, what is 25161 + 707?
25868
In base 11, what is 1206 + -3722?
-2517
In base 5, what is 420 - 1333123240?
-1333122320
In base 15, what is 140 - -1aab8?
1ac08
In base 8, what is 66421 + -337?
66062
In base 7, what is 3 + -54161162?
-54161156
In base 3, what is 20 - 201100120122121?
-201100120122101
In base 6, what is -10 + 132025042?
132025032
In base 7, what is -5 - -3321433633?
3321433625
In base 10, what is -108889 - -346?
-108543
In base 2, what is -111010010010001 + 101101011110010?
-1100110011111
In base 9, what is 11 + -3463277?
-3463266
In base 6, what is -3342330040 - -4?
-3342330032
In base 16, what is 0 - 2792e0?
-2792e0
In base 11, what is 89809a + 34?
898123
In base 8, what is -256600553 + 1?
-256600552
In base 6, what is 53220 - -1511504?
2005124
In base 11, what is 90261 - -316?
90577
In base 7, what is -5155630 - -253?
-5155344
In base 5, what is -234023230 + -3?
-234023233
In base 5, what is 220003300 - 11140?
214442110
In base 8, what is 2160203 + -4?
2160177
In base 4, what is 32101230332 + -2?
32101230330
In base 13, what is -10 - 2a65b67?
-2a65b77
In base 8, what is 1214360774 + -3?
1214360771
In base 16, what is 3687 + -3c8?
32bf
In base 10, what is -23 - -3792194?
3792171
In base 16, what is 5a3cb1 + -2?
5a3caf
In base 7, what is 0 - 412540364?
-412540364
In base 16, what is 471ef - -58?
47247
In base 4, what is 2210200213 - -23?
2210200302
In base 15, what is 4996 - -102?
4a98
In base 7, what is 2142110403 - -1?
2142110404
In base 2, what is 10001011100000 - -101111000010?
10111010100010
In base 4, what is -32231200101 - 301?
-32231201002
In base 13, what is 25ab97 + -1?
25ab96
In base 12, what is 888 - 16233?
-15567
In base 7, what is -6 + -15042105?
-15042114
In base 10, what is 1587 + -25404?
-23817
In base 2, what is 101 + -1111000111101011100000?
-1111000111101011011011
In base 6, what is 1254052500 - 115?
1254052341
In base 6, what is 4532552 - 20?
4532532
In base 11, what is 30 - -3023a84?
3024004
In base 14, what is -1d0d09b + 2?
-1d0d099
In base 15, what is 63273 - ee?
63174
In base 16, what is b44fb - 4dc?
b401f
In base 2, what is 1011101101100101 - -101100?
1011101110010001
In base 6, what is -534110 + -2202?
-540312
In base 16, what is 2bb34 - 5e?
2bad6
In base 12, what is 7474bb - -11?
747510
In base 3, what is -1101201 + 112022122?
110220221
In base 13, what is 33c870 + a0?
33c940
In base 6, what is 3 + 1433200122?
1433200125
In base 2, what is -10010 - 10100110000001101011010?
-10100110000001101101100
In base 14, what is -da6b - 261?
-dccc
In base 12, what is 16065 - 1773?
144b2
In base 8, what is 233016123 - -6?
233016131
In base 12, what is -1b72001 - 4?
-1b72005
In base 8, what is -23 - -320027?
320004
In base 14, what is b2 + ab1a?
abcc
In base 13, what is -11c521 + 1b?
-11c503
In base 8, what is 250 + 73607?
74057
In base 13, what is 1aa10 + -3c?
1a9a1
In base 10, what is -9199337 + 3?
-9199334
In base 15, what is 11054 - -84?
110d8
In base 6, what is -233 - -25430041?
25425404
In base 16, what is 293a - b500?
-8bc6
In base 2, what is 1010000010011011 + -1001000111?
1001111001010100
In base 9, what is -1206104 - 32?
-1206136
In base 11, what is -2069 - -639?
-1530
In base 3, what is 10202000212 + -201110?
10201022102
In base 7, what is -5 + -41003064?
-41003102
In base 5, what is 20121330 + 132?
20122012
In base 6, what is 23024352 + 4?
23024400
In base 14, what is 1b - 5c7bc?
-5c7a1
In base 2, what is -10000 - 1001011001000100001101?
-1001011001000100011101
In base 9, what is -182620 + 1141?
-181468
In base 10, what is -305067 - 1341?
-306408
In base 16, what is -a4e9 + -f?
-a4f8
In base 10, what is 19196287 - 17?
19196270
In base 8, what is 2550 - -21240?
24010
In base 5, what is -24304203341 - 1?
-24304203342
In base 15, what is -1a971615 - -2?
-1a971613
In base 16, what is -6f119b5 + -2?
-6f119b7
In base 7, what is -4 - -4324101?
4324064
In base 4, what is 3332023 + -20300?
3311123
In base 5, what is 212023 - -33432?
301010
In base 8, what is -243507 + -27?
-243536
In base 15, what is 345309 - 3?
345306
In base 7, what is -26044 - -1203?
-24541
In base 3, what is 120121202200210 + 10?
120121202200220
In base 8, what is 145116 - 7733?
135163
In base 15, what is 4b056ba + -5?
4b056b5
In base 6, what is 230331430 - -51?
230331521
In base 15, what is 122a - a570?
-9345
In base 11, what is -97 - -8a74?
8988
In base 7, what is -2313 + 20201?
14555
In base 5, what is -24423 - 31333413?
-31413341
In base 13, what is 23b6 - 1ac8?
5bb
In base 9, what is 18 + 1355573?
1355602
In base 12, what is 10977465a + -5?
109774655
In base 13, what is -a18017 - 1?
-a18018
In base 5, what is 21103321100 + 4?
21103321104
In base 6, what is 4 - -235514324?
235514332
In base 14, what is 0 + -a52d8c?
-a52d8c
In base 11, what is 0 - -189206918?
189206918
In base 13, what is -233cc + 137b?
-22051
In base 10, what is -112827 + -315?
-113142
In base 6, what is 13 - 20033024?
-20033011
In base 12, what is -15b + 144947?
1447a8
In base 16, what is -e7 - -464df8?
464d11
In base 3, what is 2 + -122212011221112?
-122212011221110
In base 14, what is -1 + -82da87?
-82da88
In base 14, what is -8 + b91207?
b911dd
In base 16, what is -19 + -45c111?
-45c12a
In base 6, what is 25353142230 - 4?
25353142222
In base 12, what is 0 + -4ab588?
-4ab588
In base 10, what is -5780309 + -1?
-5780310
In base 11, what is 2 - -10a27903?
10a27905
In base 15, what is 539 + b92?
11cb
In base 13, what is -15b27 + -307?
-16131
In base 5, what is -20004131240 + -2?
-20004131242
In base 15, what is -153 - 23c9?
-252c
In base 8, what is 275020 - -2226?
277246
In base 16, what is -c12e - -10?
-c11e
In base 8, what is -4 + 1044627?
1044623
In base 15, what is -d - -4d32bd?
4d32b0
In base 9, what is 2720 + -410587?
-406767
In base 14, what is d50 - -3ad0?
4a40
In base 5, what is 103 - 10110231?
-10110123
In base 6, what is -34443 - -113250?
34403
In base 13, what is -2 + -1228201a?
-1228201c
In base 9, what is 506071 - 205?
505765
In base 7, what is 5411031141 + -3?
5411031135
In base 16, what is -19 + 503fae?
503f95
In base 10, what is 3 + -312587?
-312584
In base 11, what is 159a98 + 463?
15a450
In base 9, what is -3025587 + -1?
-3025588
In base 14, what is -1a016532 + 5?
-1a01652b
In base 11, what is -26912a + 5?
-269125
In base 10, what is 8320 + -70?
8250
In base 16, what is 976 - -1330?
1ca6
In base 6, what is -5121 + -3510?
-13031
In base 12, what is 122 - 162a?
-1508
In base 5, what is -411204011011 - 10?
-411204011021
In base 16, what is -1a2 - -3b09?
3967
In base 6, what is -431 + -4530501?
-4531332
In base 8, what is 12526 - -30756?
43504
In base 11, what is -1690 - 303?
-1993
In base 8, what is 100 + -7477765?
-7477665
In base 2, what is -101011100111 + -100101110111001001?
-100110100010110000
In base 8, what is -23 + 77027?
77004
In base 10, what is 105 - -735516?
735621
In base 16, what is 3 + 684f19?
684f1c
In base 8, what is 257627 + 252?
260101
In base 11, what is 6a + 2109a?
21159
In base 9, what is 0 - -6873262?
6873262
In base 4, what is 22000320311 - -21?
22000320332
In base 7, what is -4130452 + -16?
-4130501
In base 11, what is 22088633 + -5?
22088629
In base 12, what is -48 + 2bb25?
2ba99
In base 15, what is 7 - -a5e58?
a5e60
In base 12, what is -4 - -5a89a9b4?
5a89a9b0
In base 10, what is -48 + -269909?
-269957
In base 16, what is 26cc1eb + -2?
26cc1e9
In base 13, what is 5964 - 2396?
359b
In base 4, what is -2132001301 + 310?
-2132000331
In base 6, what is -2055514352 + -4?
-2055514400
In base 4, what is -113320 - 303300?
-1023220
In base 2, what is -1100100010101110 + 1011001100011?
-1011001001001011
In base 6, what is -234 - 2445250?
-2445524
In base 6, what is 3155025 + 150?
3155215
In base 8, what is -2467345034 + -4?
-2467345040
In base 14, what is 1336bc + 20?
1336dc
In base 2, what is -11110111000001110 - -1001110111?
-11110101110010111
In base 15, what is 212 - 128b9?
-126a7
In base 9, what is 80 + 8063?
8153
In base 8, what is 357276674 - -3?
357276677
In base 11, what is 18 - 3695a8?
-369590
In base 2, what is 1000010000001111 + -1100